umber?
False
Suppose -3*u + 5 + 1 = 0, -2*u - 162 = 2*g. Let m = 86 + g. Suppose -2754 = 2*t - m*t - 5*s, 4*t - 11131 = 3*s. Is t prime?
False
Let k(i) be the third derivative of i**6/120 + i**5/60 + 2429*i**3/6 - 345*i**2. Let n be (0/(-4 - -2))/2. Is k(n) prime?
False
Let k be 35/(-5)*-1 + (-2)/(-1). Suppose -20127 = 6*h - k*h. Is h composite?
False
Let q(m) be the second derivative of -m**5/20 - 5*m**4/12 - 4*m**3 - 21*m**2/2 - 2*m - 62. Is q(-10) prime?
True
Let q be (-65176)/20 + 2/(-10). Let o = 5864 + q. Is o composite?
True
Let u(n) = -215*n**3 - 15*n**2 + 11*n - 104. Is u(-9) a composite number?
False
Let q = 3234 - 1846. Let z = q + 11591. Is z prime?
True
Let v(j) = 531*j**2 - 19*j + 37. Is v(3) composite?
False
Let p(q) = 73*q**2 + 31*q - 511. Is p(51) prime?
False
Suppose 420*a - 105353273 = 175283202 + 206196865. Is a a composite number?
False
Suppose -4*r + 6*r - 12 = 3*a, 7 = 5*r + 4*a. Suppose 5*q + 2*t - 14849 = 4492, r*q + 4*t = 11599. Is q a composite number?
True
Suppose 5*u + 2*m - 93927 = 0, -52*u + 49*u = 2*m - 56353. Is u prime?
True
Is (15/(-30))/((-3)/2 - 6597436/(-4398292)) a prime number?
True
Let f(u) be the first derivative of -u**4/4 - 10*u**3/3 + 6*u**2 + 26*u - 34. Let n be f(-11). Let q = n - 6. Is q a prime number?
False
Is (1800 - ((-4)/10)/((-196)/(-245)))*2 prime?
False
Suppose 5*a - 1 = 4*h, a = -4*a - 2*h + 7. Is (-90405)/(-42) + a*(-2)/(-4) composite?
False
Suppose -115*z + 91228074 + 13220684 + 12183437 = 0. Is z composite?
False
Suppose 4*h - 162200 = 69032. Suppose -5*i + 3*j = j - 72267, 0 = -4*i - 4*j + h. Is i a prime number?
False
Suppose -2*o + 18 = 2*i, -2*o + 3*i + 2 = 9. Suppose -6*f + 12 = -9*f, o*y - 4680 = 5*f. Is y composite?
True
Let c = -16 - -14. Is (122/(-183))/(c/30021) a composite number?
False
Let i(j) = 62284*j + 198. Is i(2) composite?
True
Let y(w) = -w**2 + 22*w + 2. Let m be y(22). Let a(s) = -21*s**2 + 9 + 8*s**2 + 9*s**2 + 11*s**3 - m*s. Is a(4) composite?
False
Let q(s) = 2436*s**3 + 2*s**2 - 1. Let b(o) = o**3 + 4*o**2 - 3*o - 11. Let x be b(-4). Is q(x) a composite number?
False
Suppose -3 = -17*t - 3. Let h(k) = 3*k**2 - 3*k + 337. Is h(t) composite?
False
Suppose -o = -0*o + 4*l + 1, 3*l - 15 = -3*o. Is (-353)/((-204)/(-69) - (o + -4)) prime?
False
Let f(m) = -m**3 + 8*m**2 + 18*m - 27. Let j be f(-9). Suppose -j = 8*z - 20540. Is z a composite number?
True
Is (6 - 1) + (-255)/51 - -166247 composite?
False
Let d(g) = -4*g**2 - 977*g - 164. Is d(-91) composite?
False
Suppose 587 = 3*l + 5*q - 150, -2*q = -2*l + 486. Let g(y) = 13*y + 155. Let z be g(-16). Let t = z + l. Is t prime?
True
Let h = -11528 + 28501. Suppose -12*b + b + h = 0. Is b a prime number?
True
Let b be 4 + (-82677)/24 + 2/(-16). Let m = b - -5894. Is m a composite number?
True
Let f be -489*((-14)/(-3) - (-18)/(-9)). Is f/(-14) - 2/14 prime?
False
Let f(o) be the second derivative of 83*o**4/24 - o**3/2 - 11*o**2/2 - 15*o. Let q(k) be the first derivative of f(k). Is q(2) a prime number?
True
Suppose 3*k - 5*x = 5 + 30, 3*x + 9 = k. Suppose -5*g - 7230 = -k*s + 10*s, 5*s - 7210 = g. Is s a composite number?
True
Let n(t) = -57*t - 21. Let s(y) = y**3 - 16*y**2 - 18*y + 3. Let r be s(17). Let x be (5 + -1)*21/r. Is n(x) composite?
True
Let b(c) = c + 58. Let n be b(-25). Suppose -n*u = -38318 - 27451. Is u a composite number?
False
Let s(x) = 2276*x + 177. Let w be s(-6). Let a = -8408 - w. Is a a prime number?
False
Is ((-3)/(-2) - 2993102/(-28)) + -7 prime?
False
Let s(m) = 63*m**2 + 27*m - 311. Is s(11) a prime number?
False
Let i(h) be the third derivative of -317*h**4/24 + h**3/6 - 7*h**2. Let x be i(-1). Let u = x - 191. Is u a prime number?
True
Let y = 457954 + -255587. Is y a composite number?
True
Let f = -9563 - -6458. Let r = f + 4451. Is r composite?
True
Let k be -3*(-5)/(-45)*24/(-2). Suppose -k*u = -3*w - 10, -2*w = 5*u + w - 26. Suppose -2*n + u*n - 326 = 0. Is n a composite number?
False
Suppose 0 = -22*m + 23*m - 9. Suppose 0 = 15*v - m - 66. Suppose -3*d = 4*n - 4271 - 1325, d = -v*n + 6995. Is n composite?
False
Suppose 0 = -5*o - 245. Is (-224)/o - 4 - 61449/(-7) a prime number?
True
Suppose 5*b = -24 + 34. Suppose u - b = 0, 3*m + 5*u = 57714 + 58465. Is m composite?
False
Suppose 0*s - 5*s + 3*o = -117583, 5*s - 4*o - 117579 = 0. Let j(l) = -1650*l + 6. Let k be j(-7). Let p = s - k. Is p a prime number?
False
Let g = 66833 + 46130. Is g composite?
True
Let s be 36*(76/(-3) + -3 - -1). Let b = 725 - s. Is b composite?
False
Suppose -808087 = 6*t - 252481. Is (t/(-36))/(2/8) a composite number?
False
Is -22 - (2112396/(-12) - -6) composite?
True
Let s(q) = -q**3 - 10*q**2 - q - 5. Let b be s(-10). Suppose -12*f - 17647 = -b*f. Let m = -1750 - f. Is m a prime number?
False
Let d = 1912 + -1002. Let k = d - 2316. Let z = k - -1979. Is z prime?
False
Let j be (1 - -2) + -9*(-14)/63. Suppose -j*h + 4520 = 3*h. Is h a composite number?
True
Let m(u) = -u**3 - 22*u**2 + 18*u - 23. Let g be -4 + -9 - -4 - 15. Is m(g) a prime number?
False
Is (-3 + 3 - -1)/((-100)/(-14464100)) a prime number?
False
Suppose 45*n + 30*n - 612106 = -195331. Is n composite?
False
Suppose 3 = -u + 2*p + 73, 0 = 2*p - 8. Let b = -71 + u. Let x = 44 - b. Is x prime?
True
Let t be (-5)/((-5)/(-18))*31/(-93). Let z be 830/t - 2/6. Is (2/3 - 1)/((-2)/z) prime?
True
Let d(n) be the first derivative of -n**2/2 - n + 9. Let i(l) = 23*l + 16. Let b(v) = 4*d(v) - i(v). Is b(-9) composite?
False
Let t(c) = c**3 - 28*c**2 - 18*c - 10. Let u be t(13). Suppose 7*m + 2973 = -6183. Let h = m - u. Is h a prime number?
True
Suppose -24*o = 17*o + 9*o - 8648150. Is o composite?
True
Suppose 2*x + 3*o = -0*x - 25, -2*o + 91 = -5*x. Let q be (-2)/(((-8)/x)/(-4)). Suppose -23*k + 534 = -q*k. Is k a prime number?
True
Suppose 5*r + 48 = r. Let f(p) = 14 + 14*p + 5 - 30*p. Is f(r) composite?
False
Let w(c) = -65*c + 4. Let s = 320 + -362. Is w(s) a composite number?
True
Suppose -11*i + 48 = 114. Let w(d) = -117*d - 17. Let v(f) = -234*f - 33. Let y(s) = i*v(s) + 11*w(s). Is y(6) prime?
False
Let k(l) = 8*l**2 + l - 4*l + 51 - 21 + 0*l**2 - 3*l**3. Let u be k(7). Let d = u - -906. Is d prime?
False
Suppose -362 = -8*u - 42. Suppose -9064 = -u*w + 32*w. Is w a prime number?
False
Is 7 - -2 - (20 + -32)*6809 composite?
True
Let o = -2348365 - -3786378. Is o composite?
True
Let j = 148 + 26. Let o(m) = 3*m - 172 + j - 2*m + 15*m**2. Is o(-3) a prime number?
False
Suppose -18*y + 484156 = 12*y - 26*y. Is y a composite number?
False
Let o = 13353 - -26352. Suppose -o = 8*l - 23*l. Is l composite?
False
Let i(f) = -2*f**2 - 10*f - 22. Let m be i(-2). Let r(z) = -404*z + 227. Is r(m) a prime number?
False
Let k(n) be the second derivative of 287*n**4/12 - 5*n**3/2 + 19*n**2/2 + 166*n. Is k(-6) a composite number?
True
Let u(c) = 5218*c - 13. Is u(15) a prime number?
False
Suppose -3524808 - 2013559 - 31237 = -164*q. Is q prime?
True
Suppose 0 = 5*v + k - 137, k - 25 = 8*v - 9*v. Is 0 - -74*v/8 a composite number?
True
Let m = 47 + -49. Let j be ((2 - -4)/(-12))/(m/20). Suppose 0 = -2*v - j*v + 22085. Is v a composite number?
True
Let l = -242230 - -731007. Is l composite?
True
Suppose -134*s - 3520 = -138*s. Let h be 18821/4 + 5/(-20). Let t = h + s. Is t prime?
False
Let o(m) = -4*m - 21. Let a be o(15). Let z = a + 67. Is (-2)/(-14)*3537 + 4/z composite?
True
Let t(r) = r**3 + 4*r**2 + 4*r + 5. Let v be t(-3). Suppose v + 12 = 7*g. Is -185*9/6*g/(-3) a composite number?
True
Suppose 0 = -56*q + 11523741 + 4378075. Is q composite?
False
Suppose -2009293 = -10*t + 7*t - 10*t. Is t a prime number?
False
Suppose 5614 = 3*r - 4814. Let c = 6583 - r. Is c composite?
True
Suppose h - 1002576 = -g, 42353 = -3*h + 4*g + 3050032. Is h composite?
False
Let m(t) = t - 2 + 84*t**2 + 165*t**2 + 192*t**2 - 3. Is m(3) composite?
False
Let n(m) be the first derivative of 461*m**2/2 + 13*m - 13. Is n(6) a prime number?
False
Let w(q) = 29*q**3 + 12*q**2 + 3*q - 12. Let r(s) = s**3 + s**2 - s - 1. Let g(o) = r(o) + w(o). Is g(6) a prime number?
True
Is 138/(-184) - (-1249390)/8 a prime number?
False
Let w = 356 + -356. Suppose w = -3*i + 5*k + 10672, -6*i + 14237 = -2*i + k. Is i composite?
False
Let x = 11 - 7. Let j(r) = 593*r + 5491. Let v be j(-9)